= 0, -b*t = -4*z - t + 468. What is the tens digit of z?
1
Let o(v) = -v**3 - 11*v**2 - 11*v - 3. Let r be o(-10). Let w be -3 + -4 + 1 + r. Let c(a) = 121*a**3 + 3*a**2 - a. What is the tens digit of c(w)?
2
Let x = -18 - -21. Suppose 0 = -v - 2*a - 33, v - 57 = x*v - 5*a. Let h = 47 - v. What is the units digit of h?
8
Let u = 505 + -260. Suppose b + 3*v = 255, 2*b - b = -5*v + u. What is the tens digit of b?
7
What is the ten thousands digit of 14986/1 + (19 - (2 - -15))?
1
Suppose 4*m - 4*s - 77345 = -20205, 28588 = 2*m + 4*s. What is the units digit of m?
8
Suppose 2*x + 1478 = u, 2*u - 1291 = -5*x + 1638. What is the hundreds digit of u?
4
Let y(v) = 71*v**2 + 6*v - 13. Let l(p) = -73*p**2 - 6*p + 14. Let x(b) = -2*l(b) - 3*y(b). Let j be x(2). Let z = j + 378. What is the hundreds digit of z?
1
Let o(k) = 2*k**2 + 8*k - 11. Let x be o(-6). Let u = 15 - x. What is the tens digit of (u + 20 + -3)/(3/6)?
3
What is the ten thousands digit of 24287 + 5 + 1 + -3?
2
Suppose -5*h + 3*b = -48988, 4*h = -b + 14482 + 24688. What is the tens digit of h?
9
What is the tens digit of -2667*((-20)/35 - 0)?
2
Let u(l) = -54*l + 4. Let b be u(2). Let v be b/(-28) - (-10)/35. What is the tens digit of -4 - (-95 + 3)/v?
1
Suppose 7*u - 12*u + 15 = 0. Suppose -u*s + 8 = -1. Let d(t) = 5*t**2 - 5*t + 2. What is the tens digit of d(s)?
3
Suppose -1900*w - 56320 = -1916*w. What is the units digit of w?
0
Let s(a) = 3*a**2 + 7*a - 6. Let i be s(-13). Suppose -6*f + 124 = -i. What is the units digit of f?
9
Let u(h) = 15*h - 67. Let j be u(5). Suppose 5291 = 3*d + j*d. What is the tens digit of d?
8
Suppose 8*l + 250 = 3*l - 3*s, 5*s + 187 = -4*l. Let h = -20 - l. Suppose 0 = 4*k - 3*f - h, k - 22 = -f - 5. What is the tens digit of k?
1
Let p = 10 - 7. Suppose p*x - 231 = -x + 5*q, 4*x + 3*q = 239. What is the units digit of x + 1/(-2)*-4?
1
Let j = -91 + 95. Let o(v) = 21*v**2 - 27*v - 2. What is the units digit of o(j)?
6
Suppose 8*i - 274 = 9*i. What is the tens digit of i/(-6)*((-28)/(-4) + -4)?
3
Suppose -12*i - 6*i + 2574 = 0. Let n = 147 - i. What is the hundreds digit of (n - 282/15)*-20?
2
Suppose 186284 = 60*m - 149356. What is the thousands digit of m?
5
Let q(d) be the first derivative of d**3/3 - 3*d**2/2 - 46*d + 98. What is the tens digit of q(-12)?
3
Suppose -n + 5*h + 12893 + 7301 = 0, 60684 = 3*n + 2*h. What is the thousands digit of n?
0
Suppose 195 = -22*j + 1999. What is the tens digit of -27*(-15)/9*j/6?
1
Let c(n) be the first derivative of -6 - 7/2*n**2 + 4*n**3 - n. What is the units digit of c(3)?
6
Let g = -84 + 51. Let f = -34 - g. What is the tens digit of 1/((-1)/f) - -31?
3
Suppose -3*g - 1397 = -4*q, -q = -6*q - 3*g + 1726. Let v be (7 + -2 + -6)*q. Let p = 554 + v. What is the hundreds digit of p?
2
Let w be ((-100)/15)/10*18/(-4). What is the tens digit of (-3 - w)*(-3 + (-1173)/9)?
0
Suppose 3*i = o + 205, 2*o - 267 = -4*i - 3*o. Let n = -320 + i. What is the units digit of (n/(-45))/((2*-1)/(-10))?
8
What is the thousands digit of 16673 - (-13)/((-117)/135)?
6
Let b(h) = -7*h**3 + 7*h**2 + 5*h - 48. What is the units digit of b(-10)?
2
Suppose 1151*j = 1165*j - 118286. What is the hundreds digit of j?
4
Suppose -927*h + 942*h = 18180. What is the tens digit of h?
1
What is the units digit of (-256005)/(-450)*(4 + 66)?
3
Let m = -53260 - -77551. Suppose m = 24*i + 4131. What is the tens digit of i?
4
Let w(u) = -6249*u - 6581. What is the hundreds digit of w(-9)?
6
Let g(a) = -2*a - 7. Let v be g(-8). Let h(o) = 2*o**2 + 17*o + 27. What is the tens digit of h(v)?
4
Suppose 10015 = -2*f + 14487 + 16816. What is the units digit of f?
4
Let v(i) = -1971*i + 10176. What is the thousands digit of v(-7)?
3
Suppose 0 = 6*m - 0*m - 852. Let o be (9/6)/((-1)/m). Let h = o - -307. What is the tens digit of h?
9
Let t = -55038 - -89215. What is the tens digit of t?
7
Let o = 20837 + -8374. What is the units digit of o?
3
Let b be ((-24)/9)/(32/(-24)). Suppose x = 5*c + 410, 2*x - 840 = 7*c - b*c. What is the hundreds digit of x?
4
Let i(g) = 70*g**2 - 9*g + 216. What is the ten thousands digit of i(22)?
3
Suppose 10 = 4*t - 27*x + 24*x, 4*x = -t + 12. Suppose b - o - 314 = 0, t*b - 132 - 1084 = -4*o. What is the tens digit of b?
0
Let o = -66 + 128. Suppose 3*a = 4*a - o. Let y = a + -20. What is the tens digit of y?
4
Suppose -7*r = 6*r - 507. Suppose 0 = -41*d + r*d + 1908. What is the units digit of d?
4
Let g be 20688/(-12)*(-2)/(-4). Let r = -42 - g. What is the units digit of r?
0
Let k = -35 + 40. Let i(s) = -s**3 - 5*s**2 + 4*s - 6. Let b be i(-6). Suppose m = k*t + 7, b*m - 2*t = 2*m + 28. What is the units digit of m?
7
Let u = -225 - -224. What is the tens digit of 22 + (((-4)/1)/4 - u)?
2
Let p = -227 + 240. Suppose -9*x + 20702 = p*x. What is the units digit of x?
1
Suppose 6*w + 179569 = 85*w - 929433. What is the tens digit of w?
3
Let o = -250 + -229. Let m = 924 + o. What is the hundreds digit of m?
4
Suppose 76*m + 20*m + 133219 = 1588003. What is the hundreds digit of m?
1
Let k be (14*(-4)/(-70))/((-4)/10150). What is the units digit of 26/104 - k/8?
4
Suppose 11644*a - 11631*a - 113204 = 0. What is the tens digit of a?
0
Let h(z) = 25*z**2 - 22*z + 51. Let c(l) = 27*l**2 - 25*l + 52. Let r(x) = -5*c(x) + 6*h(x). What is the hundreds digit of r(11)?
7
Let f = 50 - 53. Let v(q) = 35*q**2 + 2*q + 1. What is the hundreds digit of v(f)?
3
Let z be ((-3)/(-6))/(1/2). Let i = z - -25. Let d = 0 + i. What is the tens digit of d?
2
Let i = -3 - -5. Suppose -221 = -4*x + 2519. Suppose 3*h + x = 5*u + 2*h, 554 = 4*u - i*h. What is the hundreds digit of u?
1
What is the units digit of 6004 + -1 - (-172 - -160)?
5
What is the thousands digit of 20880 - ((-8)/1 + -2)?
0
Let k = 24 + 7. Suppose -k*m + 38*m - 2709 = 0. What is the units digit of m?
7
Let v be (-6)/4*10/(-5). Suppose 30 = z + 5*t - t, 4*t = v*z - 90. What is the tens digit of 2506/10 + (222/z - 7)?
5
Suppose -13*b + 11*b + 20 = 0. Suppose -6*u - b = -u. What is the hundreds digit of ((-12)/10)/(u/335)?
2
Let o(z) = 2908*z + 487. What is the hundreds digit of o(4)?
1
What is the thousands digit of 50/15*(2473 + (-88)/(-11))?
8
Let a(b) = 31*b**2 + 2*b + 90. Let i be a(12). Suppose -5*m - 4*y - 390 = -i, -4 = -2*y. What is the units digit of m?
6
Let m(x) = x**2 - 30*x - 191. Let k be m(-23). Suppose 7*o = 3*a + 6*o - 771, 0 = 4*a - o - k. What is the hundreds digit of a?
2
Suppose 0 = -5*o - 2*v + 20, v = -5*o + 3*v + 40. Suppose 5*u - 5460 = -4*p, 4*p - o*p = 0. What is the tens digit of u?
9
Let y(r) = 97*r**2 + 152*r - 13. What is the hundreds digit of y(-8)?
9
Suppose 0 = -5*n - 3*c + 5259, -4*n + 2119 = c - 2091. What is the hundreds digit of n?
0
Suppose -2*z - 35 = 3*z + l, -5*z + 4*l - 35 = 0. Let u be 18/((-342)/(-19)) - (1 - -372). What is the units digit of (-2)/14 + u/z?
3
Suppose 5*m + 10 = 0, 0 = 49*n - 54*n + 5*m + 69855. What is the ten thousands digit of n?
1
Let n be ((-4)/(-36))/((-4)/(-60))*6. Suppose -n*j + j + 828 = 0. What is the tens digit of j?
9
Let t = 89406 - 58942. What is the units digit of t?
4
Let n be (0 + -7 - -5)*-2. What is the hundreds digit of (-35200)/(-45) + n/(-18)?
7
Let t(n) = n**2 - 15*n + 18. Let s be t(13). Let m(q) = -20*q + 15. Let d be m(s). Let r = d - 71. What is the tens digit of r?
0
Let z be (2451/76)/(6/32). Suppose z = 25*k - 21*k. What is the tens digit of k?
4
Suppose y = -3*s + 68946, 0 = 7*y - 282*s + 278*s - 482497. What is the thousands digit of y?
8
Let t(d) = 50*d**2 + 9*d + 14. Let g be t(11). Suppose -33*x + 22415 = -g. What is the tens digit of x?
6
Let v(x) be the second derivative of 31*x + 0 + 1/3*x**3 + 1/12*x**4 + 11/2*x**2. What is the hundreds digit of v(-15)?
2
Suppose 10*u - 1106 = -2*j + 12*u, -4*u - 8 = 0. Suppose 7*t = -j + 1447. What is the units digit of t?
8
Let x(f) = 233*f + 10181. What is the hundreds digit of x(-8)?
3
Suppose 0 = -3*j - 358 + 109. Let q = j + 96. Let n(y) = 19*y + 22. What is the hundreds digit of n(q)?
2
What is the units digit of -3 + (-34)/(-10) - (-1508)/195*9?
0
Let m = -50 - -33. Let s = 144 - m. Suppose -3*y = 4*y - s. What is the units digit of y?
3
Let k(i) = 111*i**2 + 19*i + 1022. What is the hundreds digit of k(-22)?
3
Let a = -182 + 187. Suppose 4*p